the prime factors of a.
2, 5
List the prime factors of ((-148)/5)/((-91)/455).
2, 37
Let u(p) = p - 5. Let v be u(0). List the prime factors of ((-29)/4)/(v/20).
29
Let g = -1097 - -2018. What are the prime factors of g?
3, 307
Let w = -23 + 26. Suppose -6 = -l - 0*l - 4*n, 13 = 5*l + w*n. Suppose -4*g = d - 44, 251 = l*d + 2*d + g. What are the prime factors of d?
2
Let p(v) = -v + 1. Let m(x) = x - 1. Let n(w) = 2*m(w) + 3*p(w). Let c(z) = 24*z - 6. Let i(r) = -c(r) - 4*n(r). List the prime factors of i(-1).
2, 11
Let h = 1187 + 160. List the prime factors of h.
3, 449
Let l be -1 + 3/4*4. Suppose 43 = 3*s + 5*n, s - l*n = 5*s - 48. Let u = s + 41. List the prime factors of u.
2, 13
Let l(y) = y**3 - 11*y**2 + 10*y + 4. Let k be l(10). Suppose -5*a + 1 = -k*u - 7, 0 = -u - 2. What are the prime factors of -3 + (9 - (-2 + a))?
2
Let v(g) = 3*g**2 - 24*g + 87. List the prime factors of v(16).
3, 157
Let b = 5727 + -2977. What are the prime factors of b?
2, 5, 11
Let o(l) be the third derivative of l**4/3 + 8*l**3 + 49*l**2. What are the prime factors of o(3)?
2, 3
Suppose 2*m + 2*d = -0*d + 20, 0 = 3*m - 5*d - 14. Let h(v) = 6 + 2*v - 2 + m*v - 2. What are the prime factors of h(3)?
2
Suppose -2*f - 4*y + 12 = 0, 35 = 5*f + 3*y + 2*y. Suppose 11*c - 276 = f*c. List the prime factors of c.
2, 23
Let t(h) = 6*h**2 + 10*h + 3. List the prime factors of t(-9).
3, 7, 19
Let c(n) = 73*n - 7. Let o be c(6). Suppose -10*u + 509 + o = 0. List the prime factors of u.
2, 47
List the prime factors of 1278/4 - 15/30.
11, 29
Suppose -30*c - 2130 = -45*c. What are the prime factors of c?
2, 71
Suppose -3*v + 2 = -19. Let t(k) = -k**2 + 6*k + 7. Let f be t(v). List the prime factors of 1/(f + 2/78).
3, 13
Let g = -1424 - -1994. What are the prime factors of g?
2, 3, 5, 19
Suppose 0 = 2*c + 21 + 7. Let l = c - 19. Let o = l - -82. List the prime factors of o.
7
Suppose -3*f + 1590 = 4*d - 4*f, 0 = -5*d + 5*f + 1980. What are the prime factors of d?
2, 199
Let o be (2/4)/((-5)/(-10)). Let l(y) be the first derivative of 45*y**4/4 - y**3/3 + y + 15. What are the prime factors of l(o)?
3, 5
Suppose 0 = 2*s + 5*s. Suppose s = -4*q + 6*q - 150. List the prime factors of q.
3, 5
Let t be (-1)/2*(-18 - 0). Let u(q) = 2*q + 6. Let z be u(-4). Let c = t - z. List the prime factors of c.
11
Let v = 692 + -64. What are the prime factors of v?
2, 157
Suppose -13*a = -9*a - 688. Suppose 6*t = 3*t - 5*m + a, t + m = 56. Suppose t = r + 2*r. List the prime factors of r.
2, 3
Let g(m) = 508*m**3 + 24*m**2 - 53*m. List the prime factors of g(2).
2, 2027
Let l(x) = 3*x**2 + 11*x. Let u be l(-8). Suppose -5*m = -h - 3*m + 95, -m + u = h. What are the prime factors of h?
101
Suppose 2*n = -j + 5003, -4*n + 0*n + 10026 = -2*j. List the prime factors of n.
2, 313
Let f(v) be the third derivative of -7*v**2 + 0*v + 47/120*v**6 + 0 - 1/6*v**3 - 1/60*v**5 + 1/24*v**4. What are the prime factors of f(1)?
2, 23
Let l be 16/(-6) - 20/(-30). Let b be l*2 + (-7 - -5). Let p(i) = i**3 + 6*i**2 - 2*i + 8. List the prime factors of p(b).
2, 5
Let x be (-94)/(-12) + 2/12. Suppose -2*z = -2*l + 26, -3*l + x*l = z + 49. What are the prime factors of (-14)/(l/(27/(-2)))?
3, 7
Suppose -2*x = -5*x - 3*r - 18, 2*r - 3 = 3*x. Let n be (-1)/x - (-52)/(-12). Let u(g) = -2*g**3 - 5*g**2 - 2*g - 1. List the prime factors of u(n).
5, 11
Suppose 0 = 5*r + 3*h - 747, -5*h + 245 - 700 = -3*r. Let v = 5 + r. What are the prime factors of v?
5, 31
Let c(o) = -o**2 + 5*o. Let x(v) = 4*v**2 - 15*v + 1. Let j(u) = 11*c(u) + 4*x(u). What are the prime factors of j(4)?
2
Suppose 5*b + 2*c - 1690 = 0, 4*b - 3*c - 986 = 389. What are the prime factors of b?
2, 5, 17
Let c be 18/3 + (-2)/(-1). Let g(w) be the second derivative of w**5/20 - 3*w**4/4 + 11*w**3/6 + w**2/2 - 11*w. List the prime factors of g(c).
5
Let k(i) = -6*i**3 - 2*i**2 - 2*i - 1. Let p be k(-1). Suppose p*o - 534 = -4. List the prime factors of o.
2, 53
Let v = 14 - 10. Suppose 4*b - 40 = 3*j + j, v*j - b = -25. Let y(k) = -k - 1. What are the prime factors of y(j)?
2
Let d(v) = v**2 + 8*v + v**2 - 2*v + 5. Suppose -3*r + 5 = m - r, r = 4*m + 25. List the prime factors of d(m).
5
Let c(b) = -21*b + 17. Let v(f) = -11*f + 9. Let k(l) = 3*c(l) - 5*v(l). Let o(j) = -23*j + 17. Let r(z) = 8*k(z) - 3*o(z). List the prime factors of r(5).
2, 11
Let f = 383 + 108. List the prime factors of f.
491
List the prime factors of 4 + 408 + 5 - 1.
2, 13
Let m be (4 - 0)*(0 + -1). Let z = 2 + m. What are the prime factors of 4/5*(-5)/z?
2
Let w be 2/5 + (-24)/60. Suppose w = 2*h - 0*h - 42. Let g = -18 + h. What are the prime factors of g?
3
Let d = 33 - 13. Suppose -16*w + d*w - 356 = 0. List the prime factors of w.
89
Suppose 2*n - 396 + 92 = 0. Let x = n + 6. What are the prime factors of x?
2, 79
Let b(k) = -2*k + 11. Let t be b(12). Let m = 4 + t. Let c = 42 + m. What are the prime factors of c?
3, 11
Let q(y) = -5*y - 3*y**2 - 2 - y**3 + 9*y**2 + 0*y**3 - 4*y**2. List the prime factors of q(-3).
2, 29
Let v(h) = 3*h - 25. Let q be v(11). Let l be 4 + (-4 - -1 - -11). Let s = l - q. What are the prime factors of s?
2
What are the prime factors of 24711/33 - (2/11)/(-1)?
7, 107
Suppose -3*f + 57 = 2*a, -5*f + 85 = 6*a - 3*a. List the prime factors of a.
2, 3, 5
Let f be (-13 - -1)/3 + 8. Let d be (10 + -4 - 4) + f. Suppose -7*v + 2*v = -2*h + 35, -2*v = d. What are the prime factors of h?
2, 5
Let k be 3 - 2*-38 - 0. Suppose 0 = 3*b - n - 125, 2*b - 2*n - 3*n - k = 0. Suppose 0*o = -2*o + b. List the prime factors of o.
3, 7
Suppose 0 = 4*n + 16, w - 3*n = 10 + 1. What are the prime factors of w + 7/(21/204)?
67
Let h = -934 - -1658. List the prime factors of h.
2, 181
Let b(r) = 5*r**3 + 25*r**2 - 21*r + 27. Let d(c) = -4*c**3 - 24*c**2 + 20*c - 26. Let x(z) = 3*b(z) + 4*d(z). What are the prime factors of x(-22)?
3, 29
Suppose 2*a = -3*a + 15. Suppose 0*z = a*z - 9. Suppose -z*m = -6*m + 51. What are the prime factors of m?
17
Let s(i) = -i + 3*i**2 - i**2 - 3 + 1 - 3*i**3 + 4*i**3. Let p be s(-2). Suppose -4*a + 5*f - 33 + 113 = 0, 5*a - f - 121 = p. What are the prime factors of a?
5
Let t(y) be the third derivative of 43*y**4/12 + y**3/6 + 33*y**2. What are the prime factors of t(1)?
3, 29
Let d = -19 + 21. Suppose -t - 5*u = -6*t + 605, 0 = -d*t - 3*u + 227. What are the prime factors of t?
2, 59
Suppose 5*z + 28 + 21 = t, -4*z - 32 = t. Let h = -9 - z. List the prime factors of 5*(h - (-2)/2).
5
Let b = -3959 - -6021. List the prime factors of b.
2, 1031
Suppose 0 = 4*o - 4. Let y be 112*(o + (-4)/8). Suppose -2*f = 2*w + 4 - 40, -2*w + y = 3*f. List the prime factors of f.
2, 5
Suppose 36 = 4*q + 5*k, 0 = 3*q + q + 2*k - 24. Let t be (4 - 1) + (6 - q). Suppose x + 82 = 5*p, 3*p = -2*p + t*x + 70. List the prime factors of p.
17
Let v(f) = f**3 + 6*f**2 + 5*f. Let z be v(-6). Let d = z + 38. List the prime factors of d.
2
Let a(n) = 3*n - 3. Let w = 13 - 1. Let q be -3*(8/w - 2). What are the prime factors of a(q)?
3
Let r(g) = g + 11. Let p be r(-9). List the prime factors of (1/p*24)/2.
2, 3
What are the prime factors of 715351/147 - ((-3)/3)/(-3)?
2, 3, 811
Suppose 0 = -2*c - 5*r - 3 + 6, -3*r - 54 = -5*c. Let b be 2 + -45 + 9/c. Let o = b - -75. What are the prime factors of o?
3, 11
Let p be (-1)/2*7*-10. Let y(i) = i**3 - 6*i**2 + 4*i + 1. Let b be y(4). Let q = b + p. List the prime factors of q.
2, 5
Suppose -3*j = -27 + 12. Suppose j*f - 26 = 2*c, -7 + 26 = f - 5*c. List the prime factors of f.
2
Suppose 3*d + j - 8180 = 0, -22*d = -19*d + 4*j - 8195. List the prime factors of d.
5, 109
Let r = 4242 - 1651. List the prime factors of r.
2591
Suppose 2*r + 0*r + 12090 = 0. List the prime factors of (14/(-10) - -1)/(31/r).
2, 3, 13
Let y(r) be the first derivative of r**4/4 - 8*r**3/3 - 7*r**2/2 - 5*r - 7. Suppose -5*f + 36 = -9. List the prime factors of y(f).
13
List the prime factors of (-7 - (-2814 + 6)) + (3 - 1).
2803
Let b be (8/(-6) + 2)*(-2 + 5). Suppose -5*v = -q - 59 - b, -2*v - 2*q = -34. What are the prime factors of v?
13
Let d(t) be the second derivative of t**4/8 + 7*t**3/2 - 13*t**2/2 + 14*t. Let x(h) be the first derivative of d(h). List the prime factors of x(5).
2, 3
Suppose 10*j - 30*j + 1640 = 0. List the prime factors of 